- 2*b - 6*b**3 + b. Is j(-3) a composite number?
False
Suppose 4*z = -3*c + 315 + 748, 4*c = -2*z + 534. Is z a composite number?
True
Let b(u) = -1 + 4*u - 3 + 2*u - 5*u. Let s be b(6). Is 788/6 + s/(-6) a prime number?
True
Suppose 0 = -x + 3*x + 2. Let z = x - -8. Is z composite?
False
Let p(z) = 5*z**3 - 16*z**2 + 9*z + 17. Let r(t) = 3*t**3 - 8*t**2 + 5*t + 9. Suppose 0*g = g + 4. Let d(h) = g*p(h) + 7*r(h). Is d(-7) prime?
False
Let a = 1 - -4. Suppose a*l = 5*n - 395, -4*l + 318 + 104 = 5*n. Is n composite?
True
Suppose 0 = u + 2*u - 54. Let l be (-150)/u - 2/3. Let n = l + 22. Is n a composite number?
False
Let r(u) be the first derivative of -u**7/840 + u**6/360 + 7*u**4/24 - 2*u**3/3 - 2. Let a(t) be the third derivative of r(t). Is a(0) a composite number?
False
Let f be (-88)/(-5) - 4/(-10). Let d be (-104)/18 - 4/f. Let j(w) = w**3 + 7*w**2 + w + 5. Is j(d) a prime number?
False
Suppose -4*l + 2*y = 88, -3*y + 2*y = -3*l - 68. Let w be ((-19)/4)/(2/(-8)). Is l/6*w/(-4) a prime number?
True
Suppose 69 = -3*m - 0*m. Let c = 33 + m. Is c a composite number?
True
Let s = 1336 + 1117. Is s composite?
True
Is ((-89)/(-2))/(3/6) a prime number?
True
Let r(m) = m**3 - 2*m**2 - m - 2. Let a be r(3). Is a*((-692)/(-16) + -3) a prime number?
False
Suppose 3*z + 0*h - 776 = -h, 0 = -4*z - 5*h + 1031. Suppose -2*t + 2*o = -110, 3*o = -4*t - t + z. Is t composite?
False
Let j(y) = -4*y**3 - y**2 - y - 4. Let r be j(-3). Let m = 113 + r. Is m a composite number?
False
Suppose -4*q + 5 = 1. Is -2*q/4*-106 composite?
False
Let o be 0/(0/(-2) + -1). Let r = 10 + -7. Suppose r*m - 50 = -3*d + d, o = m - 2. Is d composite?
True
Suppose 4*t = -r + 71, -2*t + 15 = 4*r - 3. Is t prime?
True
Let p(n) = n**2 - n - 1. Let u(m) = m**3 - 3*m**2 - 2*m + 4. Let f be u(3). Let h be p(f). Let x = 5 + h. Is x a composite number?
True
Is 2/((-10)/25) - -424 composite?
False
Let j be (-304)/(-72) - (-4)/(-18). Suppose d = -2*d + 15. Suppose 263 = d*v - p, 0*p = -j*v - 2*p + 216. Is v prime?
True
Let p(g) = g**2 + 3*g - 5. Let d = 1 - 5. Let w be p(d). Is w*(-3)/(3/83) prime?
True
Let d = -4 + 4. Suppose -z + 36 = 2*o - 0*o, -3*o + 12 = d. Suppose v - z = -4*c, 0 = 2*v - v. Is c a prime number?
True
Let i = 11 - 8. Suppose -2*a + 1015 = i*a. Is a composite?
True
Let z(y) = 7*y + 7. Let i be z(-5). Let g be i/(-6) + 2/6. Suppose -15 = -g*s, -159 = -3*v + 4*s + 168. Is v composite?
False
Let t = 960 - 387. Is t a composite number?
True
Let b(k) = -k**3 + 4*k**2 + 5*k. Let i be b(5). Suppose -74 = -2*y - i. Is y a composite number?
False
Let w = -3 + 3. Suppose y + 5*h = 53, w*y - 2*y + 99 = 3*h. Let j = y - 26. Is j a prime number?
False
Suppose y = 5*g - 7, g + 4*g + 4*y - 22 = 0. Suppose k + 4*k = 0. Suppose -4*i + g*h = -k*h - 988, 2*h - 494 = -2*i. Is i a composite number?
True
Let v = 246 + -169. Is v a prime number?
False
Let p(w) = -w**3 - 6*w**2 - 4*w + 5. Is p(-7) prime?
False
Is -14*(-5)/(-20)*(0 - 914) a composite number?
True
Suppose 0 = 5*l - 3*l + 2*o - 948, -o = 5*l - 2358. Is l prime?
False
Is (-215)/86*14/(-1)*1 a composite number?
True
Suppose -3*t + 22 + 155 = 0. Is t a prime number?
True
Let j = -42 - -73. Is j a prime number?
True
Is (-12476)/(-16) + (-9)/12 a prime number?
False
Suppose -463 = -3*l + 5. Suppose 3*r - 4*y - 431 = -l, 0 = -3*r - y + 295. Is r a composite number?
False
Let d(j) be the second derivative of -2*j + 0 - 5/2*j**2 - 5/2*j**3. Is d(-4) composite?
True
Let h(w) = w + 6. Let s(j) = j**2 - 1. Let v be s(0). Let f be (3 + -3)/(v - 1). Is h(f) a prime number?
False
Let t be 8 + (2 - 2 - 2). Let k(z) = z**2 + 4*z + 2. Is k(t) a prime number?
False
Let l = 345 + 52. Is l composite?
False
Is (-1)/((-2)/(-4)) + 309 prime?
True
Let w = 1876 + -1106. Let q(r) = -8*r - 1. Let c be q(-2). Is w/c + 2/(-6) prime?
False
Let b(f) = 1651*f + 4. Is b(1) composite?
True
Let g be (135/21 + 3)*105. Suppose -3*k = -3*q - g, -2*q = -3*k + 534 + 457. Is k a composite number?
False
Let z be 0 + 2/((-2)/5). Let y = -4 - z. Is (y*266)/2 + -2 prime?
True
Suppose -7*j = -5*j - 284. Let h = j - 53. Is h composite?
False
Let j = 3 - 2. Let t = j + -3. Is t + (3 - 2) - -14 prime?
True
Let m = 3 - 0. Suppose -m*i + 16 = -3*n + i, -2*n = 5*i - 20. Suppose 0 = r - n*r - 37. Is r a composite number?
False
Suppose -5*a - 5*p = -360, 2*p + 288 = 4*a - p. Let x = a + -182. Is x/4*(-12)/10 a composite number?
True
Let q = 1 + 0. Let n be 15/q - (3 + 0). Suppose 23 = r - n. Is r composite?
True
Let h(d) = d - 9. Let z be h(7). Let q be (-16)/(-6) + z/(-6). Suppose 196 = s + q*s. Is s prime?
False
Is 126 + 2 + 1 + 0 a prime number?
False
Suppose -15 = -3*h - 2*h. Let k(a) = 3*a**3 + 3*a**2 - 10*a + 11. Let x(t) = t**3 + 2*t**2 - 5*t + 5. Let z(c) = h*k(c) - 7*x(c). Is z(3) composite?
True
Suppose 0*u + 3661 = 3*r + 4*u, 5*u = -r + 1202. Is r a composite number?
True
Let p(o) = 7*o + 10. Let b be p(-7). Let r = b - -102. Suppose -n + r = t + 4*t, -117 = -3*n + 3*t. Is n a composite number?
False
Let z(v) = 162*v**3 + v**2. Let b be z(1). Let o = b - 86. Is o a prime number?
False
Suppose -j - 605 = -6*j. Is j composite?
True
Suppose 5*f = -15, 4*w + 3*f - 9325 = 6*f. Is w prime?
False
Suppose 4*c - m = 4*m + 2143, -2193 = -4*c - 5*m. Let f = c + -339. Is f a prime number?
False
Suppose -2*m + 5*m - 594 = 0. Suppose -2*i = -4*i - o + 405, 0 = i - o - m. Is i prime?
False
Let a(j) = -3*j + 2. Let c be a(2). Let g = 3 + c. Let n(o) = -35*o**3 + o**2 - 1. Is n(g) composite?
True
Let q = 15 + 3. Let z be q*((-10)/(-4))/5. Is 34 - z/(6/(-2)) a composite number?
False
Let j = 5 - 3. Let r(y) = 5*y**2 - y**3 + y - 7 + 2*y**2 + y**2 - j*y. Is r(7) prime?
False
Let m = 84 + 421. Is m prime?
False
Let i be 5 - 0/(4/(-2)). Suppose -4*c + 1112 = 2*d, -3*c - i*d + 391 = -436. Suppose 0 = -5*b + n + c, -2*b = -0*b - 3*n - 122. Is b prime?
False
Let w = -1159 - -1880. Is w composite?
True
Let l(y) = -8*y**2 + 7. Let w(i) = 7*i**2 - 6. Let b(v) = 4*l(v) + 5*w(v). Is b(-2) prime?
False
Is 223*(-8 - -4)/(-4) a prime number?
True
Let y(u) = -u**2 - 7*u - 6. Let p be y(-5). Let k(b) = -16*b**2 + 4*b - 2. Let l be k(p). Let v = -157 - l. Is v composite?
True
Let j(b) = 6*b**2 + 2*b + 2. Let c be j(-5). Let n = -27 + c. Is n a composite number?
True
Let u = 41 + -38. Suppose 0 = -3*i + 3, -3*i + 14 = 5*q + i. Suppose -u*r + 267 = -j - q*j, 4*r - 356 = 3*j. Is r composite?
False
Suppose -h - v = -4*v - 12, v = 4*h - 37. Let w = 135 + -89. Let r = h + w. Is r composite?
True
Is ((-20)/(-50))/(1/295) a prime number?
False
Let o(r) = 2*r**3 - 7*r**2 + 2*r - 7. Let y be o(6). Let s = -118 + y. Is s a composite number?
False
Let o = 14 + -7. Suppose -1 = 2*g + o, 2*g - 54 = -2*q. Is q a composite number?
False
Let j(a) be the second derivative of 3*a**5/20 - a**4/12 - a**3/3 + a**2/2 - 3*a. Is j(3) a composite number?
False
Suppose 5*w - 7 = -2*b - 4, -5*b = -3*w + 8. Is (-844)/(6 + -2)*b prime?
True
Is 803 - (21/(-6))/(-7)*0 composite?
True
Let d(z) = -z**2 + 13*z - 16. Let o be d(11). Let m be (22/o)/((-2)/(-780)). Is 2/8 - m/(-8) a composite number?
False
Suppose -3 = -q + 1. Let l = 57 - 53. Suppose p = -2*n - l*p + 53, 5*p - 121 = -q*n. Is n composite?
True
Suppose 0*u - 3*g - 358 = -2*u, u - 3*g = 179. Is u composite?
False
Let h be (2/1)/((-12)/(-498)). Suppose -3*l - 2*l + 3*j = -398, -l + 4*j = -h. Is l a prime number?
True
Suppose -j + 10 = -3*t - 2, 0 = -3*j + 3*t + 12. Suppose -w + 5*m + 54 = 0, -7*w + 4*w + 5*m + 192 = j. Is w composite?
True
Let k = 188 + -49. Is k composite?
False
Is ((-124)/16)/((-4)/48) prime?
False
Suppose -6*y + 4*y = -3*i - 10, 3*y - 15 = 4*i. Is i - (-35 + -2)*1 prime?
True
Let p = -307 - -533. Suppose 2*o - p = -0*o. Is o prime?
True
Is -1 - 3 - (-333 + -2 + 0) composite?
False
Suppose 5*b - 20 = 0, s - 2*s + 5*b = 16. Suppose s*g + 1099 = 3*k + 5*g, -2*g + 726 = 2*k. Suppose h - 5*p = 82 - 11, -k = -4*h - p. Is h prime?
False
Suppose 4*v - 7 = -3*k, -4*v = -3*k + 2 - 27. Suppose v*z = 6*z + o - 15, 0 = 3*z + 3*o - 21. Suppose z*i = 3*i + 155. Is i a composite number?
False
Suppose 8*f = 3*f + 5. Is -4 + f + (-3 - -55) composite?
True
Let s = 242 - -89. Is s prime?
True
Let y = 80 - 53. Let w = y - 63. Is (-64)/w - 2/(-9) a composite number?
False
Sup